Let s be (-20)/25 + b/(-5). Suppose 0 = q + s*k - 101 - 538, 4*q - 2496 = -k. Is q a composite number?
True
Suppose -4*v - 34 = -70. Suppose v*c + 4*c - 51857 = 0. Is c a composite number?
False
Let q = -41 - -41. Suppose q = -2*p + 6121 - 1803. Is p a composite number?
True
Let o be (-5)/((-200)/(-3584)) + (-4)/10. Let n = -86 - o. Let g(p) = 127*p + 7. Is g(n) composite?
True
Let p = 171 + -155. Suppose 21729 = p*x - 13*x. Is x composite?
False
Is (-11467)/(20/(-72) - (-10)/(-45)*1) a composite number?
True
Let n be (-3)/((-21)/2) + 120/(-420). Suppose n = 4*d - 1206 - 118. Is d a prime number?
True
Let n(z) = -2*z - 4. Let c be ((-6)/8)/((-17)/(-68)). Let q be n(c). Let k(p) = 31*p**3 + 2*p**2 - 2*p - 1. Is k(q) prime?
True
Suppose -2*v - 2161 - 987 = -4*h, v = -4*h - 1550. Let q = 2345 + v. Is q prime?
False
Suppose 136971 = 20*i - 19*i - 4*k, -9*k = 63. Is i a composite number?
False
Let l(a) = 6 + 6*a + 2*a**2 - 7 + 5 + 17*a**3 + 5. Let t be l(6). Suppose -5*c + t = 1219. Is c a composite number?
True
Let l(q) = q**3 + 12*q**2 + 13*q + 22. Let x be l(-11). Let b be 3 + (753 + x - 2). Suppose -2*u + 328 = -b. Is u composite?
False
Let t be 0*((-7)/2 + 3 + 0). Suppose 36 = 6*j - t*j. Is 506 - (-2)/j*(0 - 3) composite?
True
Let m = 185932 - 114453. Is m composite?
False
Let c(p) = 2*p**2 - 5*p - 5. Let q be (-5)/(12/(-8)*4/6). Suppose -q*g + 45 = 3*l, -4*l + 2*l - g = -23. Is c(l) a prime number?
False
Let a(z) = -23127*z + 10. Let g be a(4). Is g/(0 + -7) - -3 a composite number?
False
Let u = 4 + -55. Let h = 52 + u. Is (9748/(-12))/(h/(-3)) a prime number?
True
Let p = 42891 - 13622. Is p a composite number?
False
Let a(w) = -2633*w + 233. Is a(-12) a prime number?
False
Let l = -113 - -115. Suppose 5*j - 17 = 2*a - a, -l*j - a + 11 = 0. Suppose 157 = -j*z + 5*z. Is z composite?
False
Let g(i) = -37*i + 20*i - 68 - 18 - 50*i - 6*i. Is g(-15) composite?
False
Suppose 67783 = 2*c - 144635. Let b = c + -73862. Is b a prime number?
False
Let h = 75428 + -43635. Is h composite?
False
Let a(d) = 61*d - 5. Let m be a(-15). Suppose -5*r = -9063 - 1832. Let x = r + m. Is x a composite number?
False
Suppose 313246 = 4*l - 3*f, 3*l - 226979 = -5*f + 7912. Is l prime?
True
Suppose 1034*b - 1310*b + 66416088 = 0. Is b composite?
True
Let o = -476660 + 842919. Is o prime?
True
Let y = -2412 + 1183. Is (-1 - y/2)/(5/10) a composite number?
True
Suppose 0 = l + x - 144005, -5*l + 5*x + 719969 = 2*x. Is l a prime number?
False
Let m be 0 - 0 - 3 - (-492)/82. Suppose -3*z + 3195 = 2*w, 0*z - m*z - w + 3198 = 0. Is z composite?
True
Suppose 0 = 5*n - c - 45 - 3, -3*n = 2*c - 34. Suppose -3*w + 7905 = 3*q, -n*w + 7*w = q - 7901. Is w a prime number?
True
Let g = 123 - 128. Is 2/8 + (1188605/(-44))/g composite?
True
Let r = 70 - 70. Suppose r = -4*a + 2*s - 4, -2*a - 2*s - 19 + 5 = 0. Is (-666)/(-10) - 6/45*a composite?
False
Suppose 0 = u - 1, z + u = 3*z - 11. Let r = 431 + -433. Is (188/z)/(r/(-21)) a composite number?
True
Let c(f) = 3*f + 10. Let l be c(-3). Let i be (-1059)/l + (-8)/4. Let r = 944 - i. Is r prime?
False
Let i(s) = 82*s + 338. Let d be i(54). Let c = -2449 + d. Is c a prime number?
False
Let l(f) = f - 20. Let h be l(13). Let k be 6/5*(-15)/(-6). Is h/(-3*k/153) prime?
False
Suppose 494971 = -167*p + 172*p - 2*g, -3*p - 5*g + 296964 = 0. Is p composite?
False
Suppose 50 = 23*q - 22*q. Let k = q + -50. Suppose k = u + 2*w - 271, 3*u = 4*u - 5*w - 243. Is u a prime number?
True
Suppose 44*s + 606 = 166. Let j(h) = -1087*h**3 + 3*h**2 - 3*h - 3. Let o be j(3). Is o/s + 22/(-55) prime?
False
Let j(d) = 17*d**2 - 11*d - 1. Let v(m) = m**2 - 7*m - 8. Let p be v(9). Suppose 0 = 5*c - 7*c - p. Is j(c) composite?
False
Suppose -n + 4*m - 16 = -0*n, -n + m = 4. Suppose 4*y + 8 = -n*y. Is y/12 + 4227*10/36 prime?
False
Suppose 0 = -3*v + 48 - 12. Suppose 4*l - 26 = -2*o, 3*l - 4*o + 5 = -3. Is 1/l - (-417)/v composite?
True
Suppose -41174 = -24*n - 10*n. Suppose -1215*y = -n*y - 35692. Is y a composite number?
False
Let r be -1 - -18*12/9. Suppose -r*t + 106940 = -38397. Is t composite?
True
Let c = -177 + 196. Suppose -28*i + c*i = -327447. Is i composite?
False
Let j = 620 + -53. Let x = 1510 - j. Suppose -3*b + x = -3752. Is b prime?
False
Let g = 26465 + -14462. Is g composite?
True
Let c = 1784 + -1239. Suppose 4*l - 83 - c = 0. Is l a composite number?
False
Let s(c) = 1165*c**3 + 46*c**2 + 7*c + 9. Is s(4) a composite number?
True
Suppose -3*r + q = 18, 4*q + 17 = -4*r - 23. Let s be -3 - r - 1/(5 + -4). Suppose -c - 770 = -s*l, 2*l - 516 = -3*c + c. Is l a prime number?
True
Let i(n) = 8*n**2 - 11*n + 31. Let g be i(-10). Suppose -3*j + 1780 = -g. Is j a prime number?
True
Let c be 7 + 41074 + (-10)/(-2). Let r = c + -27057. Is r prime?
True
Let m(s) = 128*s**3 + s - 1. Let q be m(1). Let i = 437 + q. Is i composite?
True
Suppose -37*b - 18 = -34*b. Is -15634*(9/b)/(0 - -3) composite?
False
Let d(o) = -53*o**3 - 2*o**2 + 9*o + 563. Is d(-15) a composite number?
False
Suppose -3*x = 4*g - 59, 37 = -12*g + 14*g - x. Suppose 2431 - 20570 = -g*b. Is b prime?
False
Let n(h) = -h - 9. Let r be -5 - (2 + -1) - 3. Let g be n(r). Suppose g = -x + 526 + 147. Is x prime?
True
Let g = -249401 - -507634. Is g prime?
True
Let n be 1/(-2) + 7/56*28. Suppose 4 = -z, -4*z - 3 - 4 = n*f. Is (-6)/f + -2 - (-1010 + -5) composite?
True
Suppose 3*u = 9, -5*b - 3*u + 2 - 3 = 0. Is (b*3892/8)/(2/(-2)) a composite number?
True
Let x(t) = -90*t + 96. Let m be x(-39). Let g = m - 443. Is g a prime number?
True
Let m = -17807 - -32178. Suppose 0 = 4*g + 3*g - m. Is g a composite number?
False
Suppose -433*s = -375*s - 43716398. Is s prime?
False
Let j = 469 + -13. Let n = j + 905. Is n a composite number?
False
Suppose 0 = -3*h + 2*p + 61245, 5*h - 14663 = -3*p + 87393. Is h a composite number?
True
Let r(x) = -125*x - 257*x + 272*x - 111. Let o(w) = -166*w - 167. Let g(k) = 5*o(k) - 8*r(k). Is g(5) a composite number?
True
Suppose 2*t - 4 = -3*w, 0 = -5*t + 4*t - 3*w + 5. Let p(x) = 2*x**3 - 9*x**2 - 8*x + 11. Let n(y) = y**3 + y**2. Let v(z) = t*p(z) - n(z). Is v(-8) composite?
False
Let h(a) = -7*a**2 + 6*a - 1497. Let z(l) = 6*l**2 - 5*l + 1498. Let p(k) = 3*h(k) + 4*z(k). Is p(0) a composite number?
True
Suppose -j + 5*q = -47, -3*q + 0*q = j - 87. Let b(s) = 133*s**2 + 2*s. Let c be b(-3). Suppose -3*i + 3806 = 5*u, i - c = 4*u + j. Is i a composite number?
True
Let k be (0/1)/(-4 + 4 + -2). Suppose k = 28*b - 20*b - 168. Is b a composite number?
True
Let t be (-260)/(-100) + 6/15. Let k(a) = 160*a**3 + 4*a**2 + 3*a - 7. Is k(t) a composite number?
True
Let b(z) = -3*z - 7. Let t be 1 - -1 - 4*(-15)/(-12). Let c be b(t). Is 1361/(-4)*(-2 + (0 - c)) a composite number?
False
Let c(v) = -16*v**3 - 5*v**2 - 4*v. Let a = -16 - -15. Let x be c(a). Suppose 12*m + 1257 = x*m. Is m a prime number?
True
Let b(x) = x**3 + 12*x**2 - 2*x + 14. Let m be b(8). Suppose -2*h + m = -4*o, 4*h - 567 - 1965 = 2*o. Is h composite?
False
Suppose -12321494 = 26*c - 126*c + 22342406. Is c prime?
True
Suppose -2*l + 21841 - 1319 = 2*c, 20526 = 2*l + 4*c. Is l prime?
True
Let m(o) be the second derivative of 317*o**4/4 - o**3/3 + 63*o. Is m(-1) prime?
True
Let c = -178 - -185. Let h(q) = 27*q + 2. Is h(c) prime?
True
Let v = -90 + 135. Let b = -42 + v. Suppose b*o + 1822 = a, 5*a - 9180 = 2*o - o. Is a prime?
False
Suppose -3*t = -2*l + 53772, 5*l + 88*t = 90*t + 134441. Is l composite?
True
Let r(g) = -2493*g - 208. Is r(-15) a prime number?
False
Suppose 4*q = -m - 73 + 81, -5*q = -5*m - 35. Is 17/(374/450219)*2/q prime?
False
Let j(x) = -2*x**2 - 5*x + 7. Suppose -3*g + 2 = -4*g - 5*h, -3 = -3*h. Let d be j(g). Let y = -43 - d. Is y a composite number?
False
Suppose 68*j - 74*j = -393042. Is j a prime number?
False
Let a = 97005 + -18814. Is a composite?
False
Let l = -1430 + 62. Let f = 2147 + l. Is f prime?
False
Let n(l) = -152*l + 126*l**2 + 151*l + 1 + 7 - 3. Suppose 8*a - 5 = 43. Is n(a) a prime number?
False
Suppose -3*i - 3*x + 47 = 14, -3*i - 2*x + 31 = 0. Suppose -3*y = -3*s + y - 6, 0 = s - 5*y - i. Is s/45 - (-69994)/30 a prime number?
True
Let u(m) = 5*m**2 - 48*m + 95. Let r be u(35). Suppose -3*x - 241 - 894 = -g, 4*g = x + r. Is g a prime number?
False
Suppose 65